1*y + 2. Let v be z(11). Calculate the remainder when (55/(-5))/(v/(-2)) is divided by r.
3
Suppose 2*p - 110 = -2*h, -h - 232 = -4*p + h. Calculate the remainder when p is divided by 20.
17
Let j = 5 + 4. Let n = -18 - -17. Calculate the remainder when j is divided by (5/(-2) - n)*-4.
3
Let z(w) = -w + 68. Calculate the remainder when 102 is divided by z(33).
32
Let r be (6/(-10))/(4/(-20)). Suppose k + 26 = 3*k + r*i, -3*i - 14 = -2*k. Calculate the remainder when 18 is divided by k.
8
Let u(r) = -8*r - 1. Let b be u(1). What is the remainder when 13 is divided by (-12)/(-16) + b/(-4)?
1
Let r = -283 - -309. What is the remainder when 204 is divided by r?
22
Calculate the remainder when (-61170)/(-90) + (24/(-9) - -3) is divided by 223.
11
Let i(p) = p**3 + 29*p**2 + 26*p - 48. Calculate the remainder when 69 is divided by i(-28).
5
Let j be 0/((-3 - -4 - 0)/(-1)). Suppose 3 + j = u. What is the remainder when 8/(-20) + (-84)/(-10) is divided by u?
2
Suppose b + 192 = 3*b - 3*h, b + 2*h - 96 = 0. Suppose t + 3*t = b. Calculate the remainder when 69 is divided by t.
21
Suppose -5*b + 4*b + 5*i = 0, -2*i = 6. Let s = 34 - b. Let j(l) = l**2 + 2*l + 2. What is the remainder when s is divided by j(3)?
15
Let g be 5/10 - 1/2. Let u = -108 - -112. Calculate the remainder when u is divided by (-6)/(g - (-3)/(-2)).
0
Suppose -4*q - 3*b = -64, -4*b - 23 - 88 = -5*q. What is the remainder when 92 is divided by q?
16
Let r(h) = h**2 - 6*h - 7. Let m be r(7). Suppose -3*o - 21 + 87 = m. What is the remainder when 85 is divided by o?
19
Suppose -p + 5 = 1. Suppose -2*l + 0 = -2*m + p, 4*m - l = 8. What is the remainder when 21/15*10/m is divided by 2?
1
Let w(h) be the third derivative of 1/24*h**4 + 0 + 1/2*h**3 + 0*h - 3*h**2 + 1/60*h**5. What is the remainder when 27 is divided by w(-4)?
12
Let p = 617 + -472. Let m be 6/(-8) + (-269)/4. Let k = m - -105. Calculate the remainder when p is divided by k.
34
Let r(h) = -11*h + 2. What is the remainder when (1520/48)/(1/3) is divided by r(-2)?
23
Let n(l) = 18*l**3 - 15*l**3 + 6*l**2 - 18*l**3. Let a(y) = 14*y**3 - 7*y**2. Let z(j) = -5*a(j) - 6*n(j). Calculate the remainder when z(1) is divided by 7.
5
Let z(o) = o**2 - 3*o + 3. Calculate the remainder when 12 is divided by z(2).
0
Let r be -3 - (2/(-1) - 62). Suppose 4*f + 53 = 4*p + 3*f, -3*p + 5*f + r = 0. What is the remainder when ((-9)/5)/(7/(-175)) is divided by p?
9
Let y(n) = 2*n**2 + 29*n - 90. Suppose -a + 268 = 3*a - 4*x, 2*x = 5*a - 338. Suppose 10 = -f + a. What is the remainder when f is divided by y(3)?
13
Let b = -9 - -29. Suppose 60 = 5*u + 25. What is the remainder when b is divided by u?
6
Let v(d) = d**2 + 6*d + 9. Let j be v(-5). Suppose 77 = 5*p - j*r, -3*p + 4*r + 17 = -34. What is the remainder when 38 is divided by p?
12
Suppose -3*t = -5 + 2. Suppose -2*x + t = -7. Suppose -x*o + 64 = -3*o. What is the remainder when o is divided by 17?
13
Suppose -117 = -t - q, -4*t = 2*q + 3*q - 463. Calculate the remainder when t is divided by (-3)/(-4 + 847/217).
29
Let f(m) = -2*m**2 - 10*m - 18. Let d be f(-4). Let i = d - -57. Calculate the remainder when i is divided by 16.
15
Suppose -68*u - 608 = -84*u. Calculate the remainder when 101 is divided by u.
25
What is the remainder when 251 is divided by 23/((-1288)/(-144))*28/6?
11
Let l be -4 - (-8 + 4) - 7. Let x(q) = q**3 + 8*q**2 + 4*q - 5. What is the remainder when 46 is divided by x(l)?
14
Let a = -724 + 1058. Calculate the remainder when a is divided by 14.
12
Let x(d) = -8*d - 32. Let n(m) = m + 1. Let w(p) = -6*n(p) + x(p). What is the remainder when w(-6) is divided by 12?
10
Let t(k) = -20*k**3 + 2*k + 1. Let f be 7 + -11 - -1*3. What is the remainder when 12/30 - (-556)/10 is divided by t(f)?
18
Let i(r) = 2*r**2 - 31*r - 9. Calculate the remainder when 58 is divided by i(16).
2
Let h(o) = o + 127. Calculate the remainder when h(-27) is divided by 33.
1
Let k = 3 - 0. Let y be 12/54 + (-4)/18. Suppose 40 + y = 5*u. What is the remainder when u is divided by k?
2
Let j(f) = -f + 1. Let o(t) = -t**3 + 9*t**2 - 7*t + 7. Let q be o(8). Suppose s - q = 4*s. What is the remainder when 11 is divided by j(s)?
5
Suppose 5*s - 76 = 3*s. Let u(m) = 9*m**2 - 4. Let v be u(2). Suppose -5*p + 0*h - h + s = 0, 5*p = -4*h + v. Calculate the remainder when 37 is divided by p.
5
Calculate the remainder when (-2)/((-12)/30) - -25 is divided by 11.
8
Suppose -730 = -56*l - 17*l. Calculate the remainder when 13 is divided by l.
3
Let t(f) = 2*f**2 + 2*f + 9. Suppose n = -4 + 8. What is the remainder when t(n) is divided by 10?
9
Suppose 0 = -5*l - 3*j + 19, 2*j + 3 = 9. What is the remainder when 51 is divided by ((-18)/l)/(14/(-42))?
24
Let n(s) = s - s - s**3 - 5*s + 5*s**2 + 0*s**3 - 2. Let y be n(4). Let j = y - -29. What is the remainder when 43 is divided by j?
20
Suppose k + 0*k = 4*s - 11, -4*k = 4*s + 4. Let l(x) = -x**3 + 5*x**2 + 3*x - 1. What is the remainder when l(4) is divided by s + 9 + -8*5/(-10)?
12
Suppose -4 = -2*q - 4*n - 6, n + 18 = -4*q. Let p(a) = -14*a - 32. Let c(u) = -u + 112. Calculate the remainder when c(0) is divided by p(q).
36
Let c(w) be the second derivative of 8*w - 1/12*w**4 - 11*w**2 + 7/3*w**3 + 0. Calculate the remainder when 69 is divided by c(10).
15
Let u be 351/18*4/3. Suppose 5*t - 29 = u. Calculate the remainder when 31 is divided by t.
9
Suppose -y - 2*d + 15 = 0, 2*y = -d + 24 + 21. Suppose -2*b + y = -67. Calculate the remainder when 89 is divided by b.
43
Let q(h) = -h + 10. Let x(a) = -a**3 - 13*a**2 - a - 6. Let n(l) = 1. Let c(j) = -3*n(j) + x(j). Calculate the remainder when q(-8) is divided by c(-13).
2
Suppose 2*m + 2*d = d - 68, 88 = -2*m + 4*d. Calculate the remainder when (24/m)/((-6)/855) is divided by 34.
27
Let a(d) = 19*d - 112. Calculate the remainder when 292 is divided by a(11).
1
Suppose -9*n + 40 = -5*n. Calculate the remainder when 51 is divided by n.
1
Let h(b) = -15*b**3 + 1. Let a be h(1). Let w be (-12)/(-42) - (-4)/a. What is the remainder when 28 is divided by 4/(-2) + 12 + w?
8
Let k(q) be the third derivative of -q**4/6 - 5*q**3/6 - 2*q**2. Let x(g) = 73*g**3 + 2*g**2 + 2*g - 2. What is the remainder when x(1) is divided by k(-6)?
18
Let k(j) = 13*j**2 - j. Let z(t) = 2*t**3 + 8*t + 4*t**3 + 0*t**2 - 5*t**3 + 8*t**2 + 9. Calculate the remainder when k(1) is divided by z(-7).
0
Let a be 2 - (-2 - -6)/2. Suppose a*p - 4*p - 2*t = -186, 0 = -3*p - 4*t + 137. Suppose -p = -4*d + 1. What is the remainder when d is divided by 4?
0
Let r = -314 - -328. Let n = 59 - 7. Calculate the remainder when n is divided by r.
10
Let g be (-2)/15 - (-9096)/45. Suppose -g = -2*s + 4*a, 55 = s - 3*a - 45. What is the remainder when s is divided by 26?
25
Suppose -22*y = -30*y + 64. Calculate the remainder when 542 is divided by y.
6
Let b(m) = -7*m + 5. Let t(p) = -p**2 - 3*p - 2. Let a be t(-4). Let n be b(a). Suppose -5*r + 53 = -n. What is the remainder when 58 is divided by r?
18
Let m = 3 + 0. Suppose 5*d = p - 49, m*d - 91 = -3*p + 20. Let q = -8 + p. What is the remainder when q is divided by 11?
9
Let r(t) = t**3 - 11*t**2 - 13*t + 349. Calculate the remainder when r(9) is divided by (-1)/(1/(-16)*2).
6
Let n(k) be the third derivative of k**5/60 + 11*k**4/24 + 2*k**3/3 + 10*k**2. What is the remainder when 44 is divided by n(-12)?
12
Suppose 7 = -5*c - 2*o, o - 1 = 2*c - 3*c. Let d = -8 + 2. Let z = c - d. What is the remainder when 7 is divided by z?
1
Suppose 261 = 4*p + 41. Calculate the remainder when p is divided by 4.
3
Suppose 28*f - 27*f - 37 = 0. Suppose -3*v + 20 = v - 3*x, -3*x = -2*v + 4. What is the remainder when f is divided by v?
5
Let m(h) = -2*h**2 - 2*h + 17. Let y(i) = i**2 - 1. Let b(r) = -m(r) - y(r). Calculate the remainder when b(-8) is divided by 44/6*12/8.
10
Suppose -2*z = 2*n + 40, -n = 3 + 2. What is the remainder when 70 is divided by (-284)/(-12) - 20/z?
20
Let t = 80 + -76. Let m = 4 - -8. Let k = 17 - m. What is the remainder when k is divided by t?
1
Let i(y) = y**3 + 5*y**2 + 6*y + 8. Let w be i(-3). Suppose 0 = -10*d - w + 138. Calculate the remainder when 22 is divided by d.
9
Suppose -2*r + 5*r = 27. Calculate the remainder when r is divided by ((-5)/((-50)/(-12)))/(4/(-10)).
0
Let u = 512 